6?
24
What is the highest common divisor of 8928 and 1891?
31
What is the highest common factor of 180 and 4725?
45
Calculate the greatest common divisor of 480 and 28704.
96
Calculate the highest common factor of 8625 and 38847.
69
Calculate the highest common divisor of 16520 and 980.
140
Calculate the greatest common divisor of 170 and 1029741.
17
What is the greatest common divisor of 59599 and 7798?
557
Calculate the greatest common divisor of 10682 and 20492.
218
What is the highest common divisor of 59850 and 7700?
350
What is the greatest common divisor of 801 and 122286?
267
Calculate the highest common factor of 91 and 230711.
13
Calculate the highest common factor of 227 and 184097.
227
What is the greatest common divisor of 3100 and 178870?
310
Calculate the greatest common factor of 180 and 41700.
60
Calculate the greatest common divisor of 85 and 44285.
85
Calculate the greatest common divisor of 223 and 2469725.
223
Calculate the highest common divisor of 210844 and 4.
4
Calculate the highest common divisor of 506 and 632362.
46
Calculate the highest common divisor of 39 and 52169.
13
Calculate the highest common divisor of 11235 and 315.
105
Calculate the highest common divisor of 2639 and 46007.
13
What is the highest common factor of 4014979 and 142?
71
What is the highest common factor of 1651 and 11049?
127
Calculate the greatest common divisor of 3857 and 4.
1
What is the greatest common factor of 949 and 5668?
13
Calculate the highest common factor of 25365 and 217605.
1335
What is the greatest common factor of 140 and 92750?
70
Calculate the greatest common divisor of 5787688 and 222.
74
What is the greatest common factor of 387702 and 252?
126
What is the greatest common factor of 1379840 and 294?
98
Calculate the greatest common factor of 794 and 248125.
397
Calculate the highest common divisor of 560 and 2125.
5
What is the highest common factor of 6313 and 10797?
59
What is the greatest common divisor of 464 and 445962?
58
What is the highest common divisor of 1771 and 411999?
161
Calculate the greatest common factor of 253 and 208.
1
What is the greatest common factor of 49328 and 592?
16
Calculate the greatest common factor of 15008 and 2272.
32
Calculate the highest common divisor of 194408 and 513.
19
Calculate the highest common factor of 5267 and 9389.
229
What is the greatest common divisor of 1200 and 18825?
75
What is the highest common divisor of 1576 and 143613?
197
Calculate the highest common factor of 181987 and 39.
13
Calculate the highest common factor of 11618 and 7222.
314
What is the greatest common divisor of 42 and 4907658?
42
What is the greatest common factor of 372400 and 86640?
1520
Calculate the greatest common factor of 14636534 and 814.
814
Calculate the highest common factor of 2067 and 7279974.
2067
Calculate the greatest common factor of 85880 and 452.
452
Calculate the highest common factor of 54 and 890.
2
Calculate the greatest common divisor of 150939 and 19.
1
What is the highest common divisor of 30527 and 19313?
623
What is the greatest common divisor of 23437 and 68273?
1019
Calculate the highest common factor of 33128 and 101.
101
Calculate the highest common factor of 405 and 510381.
81
Calculate the highest common divisor of 115867 and 109.
109
What is the greatest common factor of 33924 and 88?
44
Calculate the greatest common divisor of 55725 and 285.
15
What is the highest common factor of 29 and 9038?
1
Calculate the greatest common divisor of 263 and 8.
1
Calculate the greatest common divisor of 6686006 and 734.
734
What is the highest common divisor of 5670 and 1722?
42
Calculate the highest common factor of 31390 and 10750.
430
Calculate the greatest common factor of 68 and 447559.
17
What is the greatest common factor of 14234 and 66?
22
Calculate the highest common divisor of 7476 and 2436.
84
Calculate the highest common divisor of 91778 and 20208.
842
What is the greatest common factor of 41152 and 320?
64
Calculate the greatest common factor of 110551 and 119.
119
What is the greatest common divisor of 10 and 70740?
10
What is the greatest common factor of 136773 and 455?
91
Calculate the greatest common factor of 2043545 and 1995.
665
What is the highest common divisor of 21762 and 18538?
806
Calculate the greatest common divisor of 37418 and 689.
53
Calculate the greatest common factor of 1053 and 3646539.
1053
What is the highest common divisor of 3105 and 136965?
345
Calculate the highest common divisor of 71463 and 1107.
123
Calculate the greatest common divisor of 217488 and 276.
276
Calculate the greatest common divisor of 22254 and 174.
6
What is the highest common factor of 693 and 42678?
9
Calculate the highest common factor of 202 and 12077176.
202
What is the highest common factor of 25 and 12104825?
25
What is the highest common factor of 7300 and 228052?
292
Calculate the greatest common divisor of 5 and 4265.
5
Calculate the greatest common divisor of 35856 and 10098.
54
Calculate the greatest common factor of 24563 and 2057.
121
Calculate the greatest common divisor of 506 and 27002.
46
What is the highest common factor of 55679 and 780?
13
What is the highest common factor of 8346 and 1911?
39
Calculate the greatest common factor of 35571 and 3006.
501
What is the highest common factor of 4991 and 391?
23
Calculate the greatest common divisor of 2607 and 35787.
237
What is the highest common divisor of 555 and 237?
3
Calculate the highest common divisor of 990 and 180.
90
What is the highest common divisor of 946578 and 948?
474
Calculate the highest common factor of 40 and 352.
8
Calculate the greatest common factor of 1494515 and 319.
319
Calculate the greatest common factor of 22 and 3168.
22
What is the greatest common factor of 45 and 109755?
45
Calculate the highest common factor of 451 and 4223.
41
What is the highest common factor of 1086 and 115840?
362
Calculate the greatest common factor of 480 and 22510.
10
What is the greatest common divisor of 43845 and 925?
185
What is the highest common divisor of 2040 and 113016?
408
What is the highest common factor of 27 and 16146?
27
Calculate the highest common divisor of 1270929 and 627.
627
Calculate the greatest common divisor of 1003 and 3197564.
1003
What is the greatest common factor of 23584 and 28408?
536
Calculate the greatest common divisor of 7275 and 600.
75
What is the greatest common divisor of 210 and 2151030?
210
Calculate the greatest common factor of 1312 and 450795.
41
What is the highest common factor of 2405 and 370?
185
Calculate the greatest common divisor of 26448 and 570.
114
What is the greatest common factor of 60048 and 432?
432
What is the highest common divisor of 138 and 235842?
138
What is the greatest common divisor of 140 and 41270?
10
What is the greatest common divisor of 2745 and 857355?
915
Calculate the highest common divisor of 21223 and 14521.
1117
Calculate the greatest common divisor of 453125 and 625.
625
Calculate the highest common factor of 76431 and 3577.
73
Calculate the highest common divisor of 15012 and 4374.
54
Calculate the greatest common factor of 64095 and 45.
15
Calculate the greatest common factor of 12240 and 952.
136
What is the highest common factor of 242000 and 55?
55
What is the highest common divisor of 12563 and 4556?
17
What is the highest common factor of 5469 and 36?
3
Calculate the highest common factor of 19203151 and 11.
11
Calculate the highest common factor of 28946 and 1148.
82
What is the highest common factor of 3010 and 4935?
35
What is the greatest common divisor of 476329 and 392?
49
Calculate the greatest common divisor of 9179 and 67.
67
What is the greatest common divisor of 40982 and 8122?
62
What is the highest common factor of 360 and 235090?
10
Calculate the highest common divisor of 105 and 6590.
5
What is the greatest common divisor of 33057 and 1764?
9
Calculate the greatest common factor of 1440 and 19044.
36
What is the greatest common divisor of 184 and 12949?
23
Calculate the highest common divisor of 5225 and 3553.
209
What is the greatest common factor of 814632 and 1352?
104
What is the highest common factor of 550 and 22055?
55
Calculate the highest common divisor of 21846 and 462.
66
Calcul